[INFO] cloning repository https://github.com/captainbland/tree-climber
[INFO] running `Command { std: "git" "-c" "credential.helper=" "-c" "credential.helper=/workspace/cargo-home/bin/git-credential-null" "clone" "--bare" "https://github.com/captainbland/tree-climber" "/workspace/cache/git-repos/https%3A%2F%2Fgithub.com%2Fcaptainbland%2Ftree-climber", kill_on_drop: false }`
[INFO] [stderr] Cloning into bare repository '/workspace/cache/git-repos/https%3A%2F%2Fgithub.com%2Fcaptainbland%2Ftree-climber'...
[INFO] running `Command { std: "git" "rev-parse" "HEAD", kill_on_drop: false }`
[INFO] [stdout] d42c596f40b568d7428a2abb18ae1763206d117b
[INFO] checking captainbland/tree-climber against try#72f88fc4e9458f89516a0b8b0868f3718aec5b47 for pr-74989
[INFO] running `Command { std: "git" "clone" "/workspace/cache/git-repos/https%3A%2F%2Fgithub.com%2Fcaptainbland%2Ftree-climber" "/workspace/builds/worker-7/source", kill_on_drop: false }`
[INFO] [stderr] Cloning into '/workspace/builds/worker-7/source'...
[INFO] [stderr] done.
[INFO] validating manifest of git repo https://github.com/captainbland/tree-climber on toolchain 72f88fc4e9458f89516a0b8b0868f3718aec5b47
[INFO] running `Command { std: "/workspace/cargo-home/bin/cargo" "+72f88fc4e9458f89516a0b8b0868f3718aec5b47" "read-manifest" "--manifest-path" "Cargo.toml", kill_on_drop: false }`
[INFO] started tweaking git repo https://github.com/captainbland/tree-climber
[INFO] finished tweaking git repo https://github.com/captainbland/tree-climber
[INFO] tweaked toml for git repo https://github.com/captainbland/tree-climber written to /workspace/builds/worker-7/source/Cargo.toml
[INFO] crate git repo https://github.com/captainbland/tree-climber already has a lockfile, it will not be regenerated
[INFO] running `Command { std: "/workspace/cargo-home/bin/cargo" "+72f88fc4e9458f89516a0b8b0868f3718aec5b47" "fetch" "--locked" "--manifest-path" "Cargo.toml", kill_on_drop: false }`
[INFO] [stderr]  Downloading crates ...
[INFO] [stderr]   Downloaded generational-arena v0.2.3
[INFO] [stderr]   Downloaded vec-tree v0.1.2
[INFO] running `Command { std: "docker" "create" "-v" "/var/lib/crater-agent-workspace/builds/worker-7/target:/opt/rustwide/target:rw,Z" "-v" "/var/lib/crater-agent-workspace/builds/worker-7/source:/opt/rustwide/workdir:ro,Z" "-v" "/var/lib/crater-agent-workspace/cargo-home:/opt/rustwide/cargo-home:ro,Z" "-v" "/var/lib/crater-agent-workspace/rustup-home:/opt/rustwide/rustup-home:ro,Z" "-e" "SOURCE_DIR=/opt/rustwide/workdir" "-e" "CARGO_TARGET_DIR=/opt/rustwide/target" "-e" "CARGO_HOME=/opt/rustwide/cargo-home" "-e" "RUSTUP_HOME=/opt/rustwide/rustup-home" "-w" "/opt/rustwide/workdir" "-m" "1610612736" "--user" "0:0" "--network" "none" "rustops/crates-build-env@sha256:d92eaeed33fa75130ca1ee6c8a01d1ffb62bac859dfdfb3450e3e5d1c0146529" "/opt/rustwide/cargo-home/bin/cargo" "+72f88fc4e9458f89516a0b8b0868f3718aec5b47" "metadata" "--no-deps" "--format-version=1", kill_on_drop: false }`
[INFO] [stderr] WARNING: Your kernel does not support swap limit capabilities or the cgroup is not mounted. Memory limited without swap.
[INFO] [stdout] 03df261deea047ed0fff561bc88790006c371b542f1a50880463aded8e4b670d
[INFO] running `Command { std: "docker" "start" "-a" "03df261deea047ed0fff561bc88790006c371b542f1a50880463aded8e4b670d", kill_on_drop: false }`
[INFO] running `Command { std: "docker" "inspect" "03df261deea047ed0fff561bc88790006c371b542f1a50880463aded8e4b670d", kill_on_drop: false }`
[INFO] running `Command { std: "docker" "rm" "-f" "03df261deea047ed0fff561bc88790006c371b542f1a50880463aded8e4b670d", kill_on_drop: false }`
[INFO] [stdout] 03df261deea047ed0fff561bc88790006c371b542f1a50880463aded8e4b670d
[INFO] running `Command { std: "docker" "create" "-v" "/var/lib/crater-agent-workspace/builds/worker-7/target:/opt/rustwide/target:rw,Z" "-v" "/var/lib/crater-agent-workspace/builds/worker-7/source:/opt/rustwide/workdir:ro,Z" "-v" "/var/lib/crater-agent-workspace/cargo-home:/opt/rustwide/cargo-home:ro,Z" "-v" "/var/lib/crater-agent-workspace/rustup-home:/opt/rustwide/rustup-home:ro,Z" "-e" "SOURCE_DIR=/opt/rustwide/workdir" "-e" "CARGO_TARGET_DIR=/opt/rustwide/target" "-e" "CARGO_INCREMENTAL=0" "-e" "RUST_BACKTRACE=full" "-e" "RUSTFLAGS=--cap-lints=forbid" "-e" "CARGO_HOME=/opt/rustwide/cargo-home" "-e" "RUSTUP_HOME=/opt/rustwide/rustup-home" "-w" "/opt/rustwide/workdir" "-m" "1610612736" "--user" "0:0" "--network" "none" "rustops/crates-build-env@sha256:d92eaeed33fa75130ca1ee6c8a01d1ffb62bac859dfdfb3450e3e5d1c0146529" "/opt/rustwide/cargo-home/bin/cargo" "+72f88fc4e9458f89516a0b8b0868f3718aec5b47" "check" "--frozen" "--all" "--all-targets" "--message-format=json", kill_on_drop: false }`
[INFO] [stderr] WARNING: Your kernel does not support swap limit capabilities or the cgroup is not mounted. Memory limited without swap.
[INFO] [stdout] 37e6041146fdd2b05bc1fc2aee20c4b034571ae40122d37c2de9f678b55f10f9
[INFO] running `Command { std: "docker" "start" "-a" "37e6041146fdd2b05bc1fc2aee20c4b034571ae40122d37c2de9f678b55f10f9", kill_on_drop: false }`
[INFO] [stderr]    Compiling libc v0.2.64
[INFO] [stderr]    Compiling memchr v2.2.1
[INFO] [stderr]    Compiling bitflags v1.2.1
[INFO] [stderr]     Checking cfg-if v0.1.10
[INFO] [stderr]     Checking lazy_static v1.4.0
[INFO] [stderr]     Checking ansi_term v0.11.0
[INFO] [stderr]     Checking vec_map v0.8.1
[INFO] [stderr]     Checking strsim v0.8.0
[INFO] [stderr]     Checking generational-arena v0.2.3
[INFO] [stderr]     Checking thread_local v0.3.6
[INFO] [stderr]     Checking vec-tree v0.1.2
[INFO] [stderr]     Checking aho-corasick v0.7.6
[INFO] [stderr]     Checking atty v0.2.13
[INFO] [stderr]     Checking clap v2.33.0
[INFO] [stderr]     Checking regex v1.3.1
[INFO] [stderr]     Checking climb v0.1.0 (/opt/rustwide/workdir)
[INFO] [stdout] error[E0463]: can't find crate for `climb`
[INFO] [stdout]  --> tests/test.rs:1:1
[INFO] [stdout]   |
[INFO] [stdout] 1 | extern crate climb;
[INFO] [stdout]   | ^^^^^^^^^^^^^^^^^^^ can't find crate
[INFO] [stdout] 
[INFO] [stdout] 
[INFO] [stdout] error: aborting due to previous error
[INFO] [stdout] 
[INFO] [stdout] 
[INFO] [stdout] For more information about this error, try `rustc --explain E0463`.
[INFO] [stdout] 
[INFO] [stderr] error: could not compile `climb`.
[INFO] [stderr] 
[INFO] [stderr] To learn more, run the command again with --verbose.
[INFO] [stderr] warning: build failed, waiting for other jobs to finish...
[INFO] [stdout] error[E0425]: cannot find value `main_child` in this scope
[INFO] [stdout]    --> src/climb/tree_tools.rs:192:25
[INFO] [stdout]     |
[INFO] [stdout] 192 |             stack.push((main_child, insert_child));
[INFO] [stdout]     |                         ^^^^^^^^^^ not found in this scope
[INFO] [stdout] 
[INFO] [stdout] 
[INFO] [stdout] warning: unused `#[macro_use]` import
[INFO] [stdout]  --> src/main.rs:6:1
[INFO] [stdout]   |
[INFO] [stdout] 6 | #[macro_use]
[INFO] [stdout]   | ^^^^^^^^^^^^
[INFO] [stdout]   |
[INFO] [stdout]   = note: `#[warn(unused_imports)]` on by default
[INFO] [stdout] 
[INFO] [stdout] 
[INFO] [stdout] warning: unused import: `core::fmt`
[INFO] [stdout]  --> src/main.rs:9:5
[INFO] [stdout]   |
[INFO] [stdout] 9 | use core::fmt;
[INFO] [stdout]   |     ^^^^^^^^^
[INFO] [stdout] 
[INFO] [stdout] 
[INFO] [stdout] warning: unused imports: `Error`, `Formatter`
[INFO] [stdout]   --> src/main.rs:11:16
[INFO] [stdout]    |
[INFO] [stdout] 11 | use std::fmt::{Error, Formatter};
[INFO] [stdout]    |                ^^^^^  ^^^^^^^^^
[INFO] [stdout] 
[INFO] [stdout] 
[INFO] [stdout] warning: unused import: `unicode_segmentation::UnicodeSegmentation`
[INFO] [stdout]   --> src/main.rs:13:5
[INFO] [stdout]    |
[INFO] [stdout] 13 | use unicode_segmentation::UnicodeSegmentation;
[INFO] [stdout]    |     ^^^^^^^^^^^^^^^^^^^^^^^^^^^^^^^^^^^^^^^^^
[INFO] [stdout] 
[INFO] [stdout] 
[INFO] [stdout] warning: unused import: `vec_tree::*`
[INFO] [stdout]   --> src/main.rs:14:5
[INFO] [stdout]    |
[INFO] [stdout] 14 | use vec_tree::*;
[INFO] [stdout]    |     ^^^^^^^^^^^
[INFO] [stdout] 
[INFO] [stdout] 
[INFO] [stdout] warning: unused import: `core::fmt`
[INFO] [stdout]  --> src/climb/mod.rs:1:5
[INFO] [stdout]   |
[INFO] [stdout] 1 | use core::fmt;
[INFO] [stdout]   |     ^^^^^^^^^
[INFO] [stdout] 
[INFO] [stdout] 
[INFO] [stdout] warning: unused imports: `Error`, `Formatter`
[INFO] [stdout]  --> src/climb/mod.rs:3:16
[INFO] [stdout]   |
[INFO] [stdout] 3 | use std::fmt::{Error, Formatter};
[INFO] [stdout]   |                ^^^^^  ^^^^^^^^^
[INFO] [stdout] 
[INFO] [stdout] 
[INFO] [stdout] warning: unused imports: `io::Read`, `io`
[INFO] [stdout]  --> src/climb/mod.rs:4:11
[INFO] [stdout]   |
[INFO] [stdout] 4 | use std::{io, io::Read};
[INFO] [stdout]   |           ^^  ^^^^^^^^
[INFO] [stdout] 
[INFO] [stdout] 
[INFO] [stdout] warning: unused import: `crate::climb::print_tree`
[INFO] [stdout]  --> src/climb/tree_tools.rs:1:5
[INFO] [stdout]   |
[INFO] [stdout] 1 | use crate::climb::print_tree;
[INFO] [stdout]   |     ^^^^^^^^^^^^^^^^^^^^^^^^
[INFO] [stdout] 
[INFO] [stdout] 
[INFO] [stdout] warning: unused imports: `BTreeSet`, `HashSet`
[INFO] [stdout]  --> src/climb/tree_tools.rs:4:24
[INFO] [stdout]   |
[INFO] [stdout] 4 | use std::collections::{BTreeSet, HashSet};
[INFO] [stdout]   |                        ^^^^^^^^  ^^^^^^^
[INFO] [stdout] 
[INFO] [stdout] 
[INFO] [stdout] warning: unused imports: `error`, `io`
[INFO] [stdout]  --> src/climb/tree_tools.rs:5:11
[INFO] [stdout]   |
[INFO] [stdout] 5 | use std::{error, io};
[INFO] [stdout]   |           ^^^^^  ^^
[INFO] [stdout] 
[INFO] [stdout] 
[INFO] [stdout] warning: unused macro definition
[INFO] [stdout]   --> src/climb/tree_tools.rs:8:1
[INFO] [stdout]    |
[INFO] [stdout] 8  | / macro_rules! wrap_str_err {
[INFO] [stdout] 9  | |     ($st: expr) => {
[INFO] [stdout] 10 | |         $st.map_err(|e| format!("{}", e))?
[INFO] [stdout] 11 | |     };
[INFO] [stdout] 12 | | }
[INFO] [stdout]    | |_^
[INFO] [stdout]    |
[INFO] [stdout]    = note: `#[warn(unused_macros)]` on by default
[INFO] [stdout] 
[INFO] [stdout] 
[INFO] [stdout] warning: unused import: `tree_tools::get_ancestors_match_re`
[INFO] [stdout]   --> src/climb/mod.rs:11:5
[INFO] [stdout]    |
[INFO] [stdout] 11 | use tree_tools::get_ancestors_match_re;
[INFO] [stdout]    |     ^^^^^^^^^^^^^^^^^^^^^^^^^^^^^^^^^^
[INFO] [stdout] 
[INFO] [stdout] 
[INFO] [stdout] error[E0425]: cannot find value `main_child` in this scope
[INFO] [stdout]    --> src/climb/tree_tools.rs:192:25
[INFO] [stdout]     |
[INFO] [stdout] 192 |             stack.push((main_child, insert_child));
[INFO] [stdout]     |                         ^^^^^^^^^^ not found in this scope
[INFO] [stdout] 
[INFO] [stdout] 
[INFO] [stdout] warning: unused `#[macro_use]` import
[INFO] [stdout]  --> src/main.rs:6:1
[INFO] [stdout]   |
[INFO] [stdout] 6 | #[macro_use]
[INFO] [stdout]   | ^^^^^^^^^^^^
[INFO] [stdout]   |
[INFO] [stdout]   = note: `#[warn(unused_imports)]` on by default
[INFO] [stdout] 
[INFO] [stdout] 
[INFO] [stdout] warning: unused import: `core::fmt`
[INFO] [stdout]  --> src/main.rs:9:5
[INFO] [stdout]   |
[INFO] [stdout] 9 | use core::fmt;
[INFO] [stdout]   |     ^^^^^^^^^
[INFO] [stdout] 
[INFO] [stdout] 
[INFO] [stdout] warning: unused imports: `Error`, `Formatter`
[INFO] [stdout]   --> src/main.rs:11:16
[INFO] [stdout]    |
[INFO] [stdout] 11 | use std::fmt::{Error, Formatter};
[INFO] [stdout]    |                ^^^^^  ^^^^^^^^^
[INFO] [stdout] 
[INFO] [stdout] 
[INFO] [stdout] warning: unused import: `unicode_segmentation::UnicodeSegmentation`
[INFO] [stdout]   --> src/main.rs:13:5
[INFO] [stdout]    |
[INFO] [stdout] 13 | use unicode_segmentation::UnicodeSegmentation;
[INFO] [stdout]    |     ^^^^^^^^^^^^^^^^^^^^^^^^^^^^^^^^^^^^^^^^^
[INFO] [stdout] 
[INFO] [stdout] 
[INFO] [stdout] warning: unused import: `vec_tree::*`
[INFO] [stdout]   --> src/main.rs:14:5
[INFO] [stdout]    |
[INFO] [stdout] 14 | use vec_tree::*;
[INFO] [stdout]    |     ^^^^^^^^^^^
[INFO] [stdout] 
[INFO] [stdout] 
[INFO] [stdout] warning: unused import: `core::fmt`
[INFO] [stdout]  --> src/climb/mod.rs:1:5
[INFO] [stdout]   |
[INFO] [stdout] 1 | use core::fmt;
[INFO] [stdout]   |     ^^^^^^^^^
[INFO] [stdout] 
[INFO] [stdout] 
[INFO] [stdout] warning: unused imports: `Error`, `Formatter`
[INFO] [stdout]  --> src/climb/mod.rs:3:16
[INFO] [stdout]   |
[INFO] [stdout] 3 | use std::fmt::{Error, Formatter};
[INFO] [stdout]   |                ^^^^^  ^^^^^^^^^
[INFO] [stdout] 
[INFO] [stdout] 
[INFO] [stdout] warning: unused imports: `io::Read`, `io`
[INFO] [stdout]  --> src/climb/mod.rs:4:11
[INFO] [stdout]   |
[INFO] [stdout] 4 | use std::{io, io::Read};
[INFO] [stdout]   |           ^^  ^^^^^^^^
[INFO] [stdout] 
[INFO] [stdout] 
[INFO] [stdout] warning: unused import: `crate::climb::print_tree`
[INFO] [stdout]  --> src/climb/tree_tools.rs:1:5
[INFO] [stdout]   |
[INFO] [stdout] 1 | use crate::climb::print_tree;
[INFO] [stdout]   |     ^^^^^^^^^^^^^^^^^^^^^^^^
[INFO] [stdout] 
[INFO] [stdout] 
[INFO] [stdout] warning: unused imports: `BTreeSet`, `HashSet`
[INFO] [stdout]  --> src/climb/tree_tools.rs:4:24
[INFO] [stdout]   |
[INFO] [stdout] 4 | use std::collections::{BTreeSet, HashSet};
[INFO] [stdout]   |                        ^^^^^^^^  ^^^^^^^
[INFO] [stdout] 
[INFO] [stdout] 
[INFO] [stdout] warning: unused imports: `error`, `io`
[INFO] [stdout]  --> src/climb/tree_tools.rs:5:11
[INFO] [stdout]   |
[INFO] [stdout] 5 | use std::{error, io};
[INFO] [stdout]   |           ^^^^^  ^^
[INFO] [stdout] 
[INFO] [stdout] 
[INFO] [stdout] warning: unused macro definition
[INFO] [stdout]   --> src/climb/tree_tools.rs:8:1
[INFO] [stdout]    |
[INFO] [stdout] 8  | / macro_rules! wrap_str_err {
[INFO] [stdout] 9  | |     ($st: expr) => {
[INFO] [stdout] 10 | |         $st.map_err(|e| format!("{}", e))?
[INFO] [stdout] 11 | |     };
[INFO] [stdout] 12 | | }
[INFO] [stdout]    | |_^
[INFO] [stdout]    |
[INFO] [stdout]    = note: `#[warn(unused_macros)]` on by default
[INFO] [stdout] 
[INFO] [stdout] 
[INFO] [stdout] warning: unused import: `tree_tools::get_ancestors_match_re`
[INFO] [stdout]   --> src/climb/mod.rs:11:5
[INFO] [stdout]    |
[INFO] [stdout] 11 | use tree_tools::get_ancestors_match_re;
[INFO] [stdout]    |     ^^^^^^^^^^^^^^^^^^^^^^^^^^^^^^^^^^
[INFO] [stdout] 
[INFO] [stdout] 
[INFO] [stdout] error: aborting due to previous error; 13 warnings emitted
[INFO] [stdout] 
[INFO] [stdout] 
[INFO] [stdout] For more information about this error, try `rustc --explain E0425`.
[INFO] [stdout] 
[INFO] [stderr] error: build failed
[INFO] [stdout] error: aborting due to previous error; 13 warnings emitted
[INFO] [stdout] 
[INFO] [stdout] 
[INFO] [stdout] For more information about this error, try `rustc --explain E0425`.
[INFO] [stdout] 
[INFO] running `Command { std: "docker" "inspect" "37e6041146fdd2b05bc1fc2aee20c4b034571ae40122d37c2de9f678b55f10f9", kill_on_drop: false }`
[INFO] running `Command { std: "docker" "rm" "-f" "37e6041146fdd2b05bc1fc2aee20c4b034571ae40122d37c2de9f678b55f10f9", kill_on_drop: false }`
[INFO] [stdout] 37e6041146fdd2b05bc1fc2aee20c4b034571ae40122d37c2de9f678b55f10f9
